divided by 15?
10
Let q = 50 - 24. Let t = 4 + 1. Suppose 0 = t*r - 5*j - 65, -3*r + 5*j = -0*r - 47. Calculate the remainder when q is divided by r.
8
Suppose 0 = 18*y - 13*y + 6*n - 82, -4*y = -5*n + 3. Suppose -2*f - 10 = 0, 85 = 3*x + 5*f - 22. What is the remainder when x is divided by y?
4
Let a = -1423 + 1549. Let y be -2*1/(-2 - 0). What is the remainder when a is divided by (7 + y)/((-1)/(-4))?
30
Suppose -4*b - 10 = -46. Let i = 37 - -6. Calculate the remainder when i is divided by b.
7
Suppose 2*s = -3*k + 103, -5*s - 10 = -5*k + 120. What is the remainder when k is divided by 30?
1
Suppose 0 = 7*v - 4*v - 36. What is the remainder when v + -2 + (-2 - 2) is divided by 2?
0
Suppose 2*g - 4 = -c, c + 8 = -2*g + 6*g. Suppose -g*m = m - 57. What is the remainder when (-4)/6 + 110/3 is divided by m?
17
Let v(x) = -x**2 - 13*x + 26. Let s be v(-17). Let u = 71 + s. Calculate the remainder when u is divided by 6.
5
Suppose 546*q = 547*q - 8. Let m(g) = -g**2 + 8*g - 4. Calculate the remainder when q is divided by m(7).
2
Let a(z) = 3*z**2 + 22*z - 109. Calculate the remainder when 50 is divided by a(4).
23
Let b(o) = -2*o**2 - 52*o - 43. Calculate the remainder when b(-25) is divided by 6.
1
Let f(b) = 34*b**2 + 19*b - 17. What is the remainder when 177 is divided by f(1)?
33
Let w(u) = -u**2 + 36*u - 92. What is the remainder when w(28) is divided by 27?
24
Let t = -14 - -21. Let g = 17 - t. Calculate the remainder when g is divided by 3.
1
Calculate the remainder when (-1 - 10/8)*8600/(-129) is divided by 39.
33
Let f be 152/12*(-6)/(-4). Let c = 55 - f. Calculate the remainder when c is divided by 10.
6
Suppose 61*g + 12 = 65*g. Suppose 3*s = 0, -g*z = -3*s - 4 - 8. What is the remainder when 22 is divided by z?
2
Let u(w) be the second derivative of -w**4/12 - 2*w**3 - 9*w**2 + 16*w. What is the remainder when 82 is divided by u(-7)?
14
Let i be 70 - (2 - 3)*1. Suppose -2*t + 47 = t + 2*c, 5*t - 4*c = i. Calculate the remainder when 73 is divided by t.
13
Suppose 0*r + 161 = r - 5*v, -6 = -2*v. Suppose 5*s - r = k, 2*k + k = -3*s + 120. Calculate the remainder when 105 is divided by s.
33
Suppose 13*y = 21*y - 1392. What is the remainder when y is divided by 23?
13
Suppose -4*w = -n - 288, 0 = w + w + 4*n - 126. What is the remainder when w is divided by 31?
9
Suppose -3*n = 2*x - 222, 2*x - 555 = -3*x + 4*n. Suppose -f = 3*f - 112. What is the remainder when x is divided by f?
27
Let l(j) = -j**3 + 9*j**2 + 14*j - 4. Let d be (1 + -6)*14/(-7). Calculate the remainder when l(d) is divided by (30/3 - -1) + 2.
10
Calculate the remainder when (3 + (-7)/(-42)*-21)*-202 is divided by 16.
5
Let a = -17 - -22. Suppose 2*j - 23 = -a*y, -2*j + 1 - 3 = 0. Let d = 30 + -17. Calculate the remainder when d is divided by y.
3
Let x be ((-2)/3)/(1/(-3)) + 9. Let u be 4*(-1)/5*5. Let z = x + u. What is the remainder when 12 is divided by z?
5
Suppose -413 + 117 = -8*t. Calculate the remainder when 244 is divided by t.
22
Suppose 4*x + l - 126 = 0, -3*x - x + 128 = 2*l. What is the remainder when 81 is divided by x?
19
Let m(i) = -i**3 - 9*i**2 + 5*i - 2. Let a(n) = 2*n**2 + n + 2. Calculate the remainder when m(-10) is divided by a(-3).
14
Let f = -19 + 67. Suppose -124 = -3*l - 25. What is the remainder when l is divided by f/3 + 2/1?
15
Suppose -3*n = g - 2*n - 61, 69 = g - 3*n. Calculate the remainder when 307 is divided by g.
55
Let y = 316 - 211. Calculate the remainder when y is divided by (-166)/(-6) - 4/6.
24
Suppose -g - 46 = -51. Suppose 0 = j - w - 4, w - 3*w - 1 = 5*j. What is the remainder when g is divided by j?
0
Let r(f) = -f**3 + 4*f**2 - 3*f + 3. Let d be r(3). Suppose -d*y = -7*y + 4. What is the remainder when 81/3 + 2/y is divided by 16?
13
Let o be ((-2)/1)/(3/(-3)*1). Suppose o*m - j = 3, -2 = -2*m + 2*j - 4. Calculate the remainder when (1 + -11)*(-2 - -1) is divided by m.
2
Let a(m) = -5*m**3 + 2*m**2 - 3*m + 1. Calculate the remainder when a(-3) is divided by 47.
22
Let j(v) = v**2 + 3*v - 1. Let c be j(-6). Suppose 0 = -2*a + 53 - c. Let p = -84 - -94. Calculate the remainder when a is divided by p.
8
Suppose -o + 18 - 1 = 0. Let p = o + -9. Suppose -66 = 6*w - 9*w. Calculate the remainder when w is divided by p.
6
Let i(n) = -9*n**2 - 5*n + 14. Let w be i(3). Let f = 131 + w. What is the remainder when f is divided by 26?
23
Let v = 303 + -196. Calculate the remainder when v is divided by 28.
23
Let g(m) = 3*m**2 - 6*m - 5. Suppose -q + 20 = 3*q. What is the remainder when g(q) is divided by (2/5)/((-2)/(-70))?
12
Suppose -108 = 20*l - 24*l. Calculate the remainder when (-1002)/(-18) + -6 - 1/(-3) is divided by l.
23
Let a(r) = 2*r**3 + 4*r - 4. Let q be a(1). Suppose 572 = 4*v + 3*k, q*v - v - 158 = 3*k. Calculate the remainder when v is divided by 49.
48
Suppose 0*b = -7*b + 14. Suppose -19 = -b*g + 15. What is the remainder when 67 is divided by g?
16
Let i(z) = 9*z**2 + 6*z - 1. Suppose 6*t - 18 = -36. What is the remainder when i(t) is divided by 16?
14
Suppose t + 2*o = -7, -2*t - 3*o = -3*t + 18. Suppose t*v = -8 + 56. Calculate the remainder when 30 is divided by v.
14
Suppose 4*a + 520 = -3*l, 2*a - 708 = l + 3*l. What is the remainder when 15 is divided by (-1)/3 - l/33?
0
Calculate the remainder when 305 is divided by 17/51 - 3/((-27)/78).
8
Suppose -126 = -2*j + d, 4*j - 99 - 155 = d. Let o = 97 - j. Suppose -40*u = -29*u - 1419. What is the remainder when u is divided by o?
30
Suppose 2*o - 193 = -2*o - 3*k, 3*o - 5*k = 181. Let y = o - 40. What is the remainder when 58 is divided by y?
10
Let o(z) = -z**3 - 2*z**2 - 5*z - 4. What is the remainder when o(-2) is divided by 1?
0
Let l(v) = v - 7. Let q be l(7). Suppose -x - 54 = -3*x - 2*y, q = -3*x + 3*y + 75. Calculate the remainder when 155 is divided by x.
25
Suppose 187 = u + 5*f + 28, 155 = u + 3*f. Calculate the remainder when 159 is divided by u.
10
Let a be -112*(2/2 + -3). Suppose a = 4*r + 4*z, z = 3*r - 3*z - 182. Calculate the remainder when r is divided by 20.
18
Let n be 30/8 + (-4)/(-16). Suppose 0*h = -4*h - 2*l + 226, 2*h + n*l = 128. Calculate the remainder when h is divided by 28.
26
Suppose 4*n = -5*t - 232 - 12, 0 = 2*t. Let k = n - -72. What is the remainder when 65 is divided by k?
10
Let v be (52/91)/(4/14). Suppose 58 = l - 4*z, 90 = v*l - 3*z + 8*z. Calculate the remainder when l is divided by 18.
14
Suppose -p + 15 = -0*p. Let o = p - -74. Suppose -o = -3*f - 11. What is the remainder when f is divided by 14?
12
Let q = -51 - -42. What is the remainder when q/3*(-220)/15 is divided by 9?
8
Let o = 15 + -13. Suppose 0 = o*a - 40 + 8. Calculate the remainder when 46 is divided by a.
14
Let b(r) = r + 15. Let k = 17 + -8. What is the remainder when 92 is divided by b(k)?
20
Suppose 258 = 4*p - 5*s, -3*p + 5*s + 193 = s. Suppose 7*y - 3*y = -5*w + 65, w + 8 = -5*y. What is the remainder when p is divided by w?
16
Let o = -713 - -919. Calculate the remainder when o is divided by 13.
11
Suppose -5*s + 468 = -17*s. Let u = 333 + s. Calculate the remainder when u is divided by 37.
35
Let k = 34 - 23. Calculate the remainder when 74 is divided by k.
8
Suppose 12 - 4 = -4*x + 4*j, -2*x - j = -8. Suppose 4*t - 4*p = 896, -894 = -4*t + 3*p + x*p. What is the remainder when t is divided by 46?
42
Let l be (32/(-48))/(2/(-30)). Let v be (399/(-6))/((-2)/8). What is the remainder when (v/35)/(4/l) is divided by 7?
5
Suppose 4*m - v = 381, 4*m + 5*v = 118 + 257. Let f be 2/(-4)*4*12. Let j = 0 - f. Calculate the remainder when m is divided by j.
23
Let i(x) = -2*x**2 - 41*x - 63. What is the remainder when 37 is divided by i(-18)?
10
Let u(l) be the second derivative of -21*l**3/2 - l**2/2 + 29*l. Calculate the remainder when u(-1) is divided by 16.
14
Suppose -7*n + 38 = -60. What is the remainder when 43 is divided by n?
1
Let y be 3*(5/3 - 1). Suppose -5*j + 60 = y*q + 3*q, -2*j + 5*q = -3. Let s(a) = 2*a + 12. Calculate the remainder when s(j) is divided by 8.
6
Suppose -8*k + 7*k - 1 = 0. Let w be 8 + -4 - k - 2. Suppose -2*u - w*u = -40. Calculate the remainder when 37 is divided by u.
5
Suppose -4*p = -p - 57. What is the remainder when p is divided by 0/1 - 10*-1?
9
Suppose 78 = 2*v - 0*v. What is the remainder when v is divided by 4/((-1